/(14/1533). Let s = 52 + n. Let o = s + 45. Calculate the remainder when 118 is divided by o.
22
Suppose -227 = -13*t + 8*t + 4*p, 2*t = -3*p + 100. Suppose -j = 4*d - 5 - 3, 2*j + 2*d = 28. Calculate the remainder when t is divided by j.
15
Let m be (9/1)/(1 + 12/(-14)). Suppose 33*a + m = 36*a. Calculate the remainder when 77 is divided by a.
14
Let r = -2 + 17. Let a(j) be the third derivative of -j**6/120 - j**5/15 - 5*j**4/24 - j**3/3 - j**2. Calculate the remainder when r is divided by a(-3).
3
Let g = -25 + 221. Suppose -3*w - f = w - 844, 4*f = -w + g. Suppose -u - 4*m + 83 = 0, -m - 35 - w = -4*u. What is the remainder when u is divided by 13?
11
Suppose 0 = -8*a + 6 + 26. Suppose a*b = b + 48. What is the remainder when 159 is divided by b?
15
Let u = 657 + -625. What is the remainder when 57 is divided by u?
25
Let m = -3136 - -3262. What is the remainder when 145 is divided by m?
19
What is the remainder when 214*6/(12/1) - -5 is divided by 109?
3
Suppose -2*r = -x - 65, -r = 2*r - x - 97. Suppose -t + r = t. Suppose -5*o + 126 - t = 0. Calculate the remainder when 64 is divided by o.
20
Let z = -3872 - -3886. Calculate the remainder when z is divided by (16/6)/((-2)/(-6)).
6
Let s(o) = -6*o + 218. Calculate the remainder when s(32) is divided by 22.
4
Let b = -3 - -5. Let t(i) = -i**3 + 19*i**2 - 13*i - 41. Let u be t(18). Suppose 17*m - 10*m = u. What is the remainder when m is divided by b?
1
Let t(r) = r**3 + 12*r**2 + r - 2. What is the remainder when t(-8) is divided by 37?
24
Let o(k) = k**3 + 5*k**2 - 2*k + 4. Suppose 4*l - 7 = -15. Let p = l - -12. Calculate the remainder when o(-4) is divided by p.
8
Let l(q) = 7*q + 78. Calculate the remainder when l(9) is divided by 31.
17
Let b = 3499 - 1321. Calculate the remainder when b is divided by 109.
107
Suppose -2*d + 4*s + 10 = 0, d - 2*s - 4 = s. What is the remainder when ((-22)/5)/(18/(-45)) is divided by d?
4
Suppose -20 = -8*u + 3*u. Calculate the remainder when (-4)/(-3) - 323/(-57) is divided by u.
3
Calculate the remainder when 47 is divided by (-36)/(-10) - 312/(-780).
3
Suppose 5*l + 772 + 237 = 2*x, -x = l - 501. Calculate the remainder when x is divided by 56.
54
Let t be (-6)/(-2) + 1 - 35. Let x = t + 83. What is the remainder when 101 is divided by x?
49
Suppose -49*f = -56*f + 77. What is the remainder when 15 is divided by f?
4
Suppose 5*t - 2*d = -0*d - 15, t + 16 = 3*d. Suppose -3*o + 5*c - 21 = 13, 0 = -4*o + 3*c - 27. Calculate the remainder when 25 is divided by o - -5*3 - t.
12
Let o = -338 - -361. What is the remainder when 61 is divided by o?
15
Let a(g) = g**2 - 30*g + 56. Calculate the remainder when a(36) is divided by 25.
22
Calculate the remainder when 9 is divided by ((-1)/2 + 1)*(-42)/(-3).
2
What is the remainder when 221 is divided by 93*6/(-72)*-4?
4
Let b = 4 + -6. Suppose -2*v + 62 = 3*s, -s - 4*v + 76 = 3*s. What is the remainder when s is divided by (0 + 0 - b) + 3?
4
Suppose -20*w = 640 - 2880. Calculate the remainder when w is divided by 61.
51
Let u(k) = -k**3 + 4*k**2 - 5*k + 5. Suppose b = -2*b + 6. Let g be u(b). Suppose 17 = g*f - 64. What is the remainder when f is divided by 7?
6
Let c(t) = 3*t**2 - 77*t - 1. Suppose -1 = v - 15. Calculate the remainder when c(26) is divided by v.
11
Suppose -8*l + 6*l = 4*w - 82, -w = 2*l - 85. Let p(s) = 5*s. Calculate the remainder when l is divided by p(3).
13
Let q be 17/5 - (-4)/(-10). Let z be q/4 - 51/4. Let h(f) = f**3 + 11*f**2 - 17*f - 4. Calculate the remainder when h(z) is divided by 29.
27
What is the remainder when 7508*(-4)/(-16) + 4 + 0 is divided by 13?
9
Suppose -290 = -5*b - 0*b - 4*o, -3*b - 3*o + 177 = 0. Calculate the remainder when 123 is divided by b.
15
What is the remainder when (-3)/(30/(-4)) + 3072/20 is divided by 51?
1
Suppose 3*l - 5*v + 10*v - 222 = 0, -57 = -l + 4*v. What is the remainder when l is divided by 18?
15
Suppose y = 3*n + 3*y - 63, -4*y = n - 31. Let t be 2 + -5 + 3 - -4. Suppose -t*z + 280 = z. Calculate the remainder when z is divided by n.
18
Let r = 33 - 11. Calculate the remainder when 2/(-11) + 994/r is divided by (-4 - 132/(-42))/(2/(-28)).
9
Calculate the remainder when 181 is divided by ((-2)/4)/(48/(-5952)).
57
Let j = -29 + -28. Let m = j - -108. Calculate the remainder when m is divided by 11.
7
Suppose 2*j + 5604 = 5930. Calculate the remainder when j is divided by 21.
16
Let x = -234 - -267. Calculate the remainder when 71 is divided by x.
5
Let b(h) = 2*h**2 + 2*h + 16. Let n(a) = a + 4. Let d be n(-4). Calculate the remainder when 26 is divided by b(d).
10
Suppose -34*k = -14*k - 3740. What is the remainder when k is divided by 48?
43
Let a(s) be the second derivative of -s**4/12 - s**3 + 3*s**2 - 22*s. What is the remainder when 20 is divided by a(-5)?
9
Let v(t) = -4*t**3 + t. Let q be v(-1). Suppose -q*z = 12 - 30. Calculate the remainder when (-3)/(-3)*(-1 - -29) is divided by z.
4
Suppose 4*a = v - 8, -2*v - 5*a + 11 = 2*v. Suppose v*j = 20 + 36. Calculate the remainder when 67 is divided by j.
11
Let p(s) = -s - 8. Suppose -3*l = 2*l. Let t be p(l). What is the remainder when 46*((-12)/t - 0) is divided by 12?
9
What is the remainder when 49 + 1 + -6 + -1 is divided by 25?
18
Let l(n) = -n**3 - n**2 + n + 14. Let m be l(0). Suppose -1 = -a + m. Let x(v) = 4*v + 22. Calculate the remainder when x(13) is divided by a.
14
Let d be (-286)/(-6) - (-4)/(-6). Suppose 2*o - d = -5. What is the remainder when ((-54)/6 - -5 - -83) + 4 is divided by o?
20
What is the remainder when 66*4/((-12)/(-1)) is divided by 5?
2
Suppose -104 = 38*b - 40*b. Suppose -84 = -3*k - 3*t, -3*k = -k + t - b. Let i = 117 - 48. Calculate the remainder when i is divided by k.
21
Let g(q) = q**3 - 3*q**2 - 5*q + 10. What is the remainder when 99 is divided by g(4)?
3
Suppose -18 + 6 = -4*m, -3*m = n - 27. What is the remainder when 34 + 8*-1 + 4 is divided by n?
12
Let m = -24 - -50. Let n(g) = g**2 - 7*g. Calculate the remainder when m is divided by n(8).
2
Suppose -4*f = 4*p - 172, 7*p = 12*p - 4*f - 224. What is the remainder when p is divided by (3/9)/(3/90)?
4
Suppose 3 = 3*v + 4*t - 106, 4*t + 46 = 2*v. What is the remainder when v is divided by 9?
4
Suppose 152*m - 35 = 145*m. What is the remainder when m is divided by 1?
0
Suppose 5*m + 11 = 136. Suppose 5*u = -5*v, -u + 9 = -2*v - 3. Suppose a = 4*b - 38, -u*b + b - a = -25. Calculate the remainder when m is divided by b.
7
Let x = 12 + 143. Suppose -4*f + x = -121. What is the remainder when f is divided by 18?
15
Suppose -z = -3*o + 22, 0*o - 4*o - 5*z = -23. Let w = 219 + -212. Calculate the remainder when w is divided by o.
0
Let z(r) = -6*r**3 - r**2 - 9*r. Calculate the remainder when z(-3) is divided by 64.
52
Let z = -46 + 44. What is the remainder when 193 is divided by (5 - (2 + -48)) + z?
46
Let w = 18 + -15. Suppose 2*t - w*t = 0. Suppose t = 4*y + y - 275. Calculate the remainder when y is divided by 14.
13
Let k = -775 + 1554. Suppose 881 = 10*t - k. What is the remainder when t is divided by 34?
30
Let x be -3*(1 - 0) - -74. Suppose 4*w + 7 = -2*z + 27, 5*z + 3*w = x. Calculate the remainder when (-1068)/(-24) + 2/4 is divided by z.
13
Calculate the remainder when (-3 - 356/8)/((-2)/4) is divided by 25.
20
Let g(m) = 31*m + 7. Calculate the remainder when 105 is divided by g(1).
29
Let k = 1 + -2. Let l be k + (3 - 1) + 5. Let a(w) = w + 5. Calculate the remainder when 30 is divided by a(l).
8
Suppose -18*v + 21*v = 63. Calculate the remainder when v is divided by 2.
1
Let x be 3 + (-4 - -6)*-1. Calculate the remainder when (481/(-26))/(x/(-2)) is divided by 7.
2
Suppose -5*q - 4*x + 431 = 0, 4*q - 125 = -x + 211. Calculate the remainder when q is divided by 44.
39
Let l = 1390 - 1053. What is the remainder when l is divided by 87?
76
Suppose 61 = 3*o - n, -o = 4*n - 9 - 33. Calculate the remainder when 160/(-6)*(-12)/5 is divided by o.
20
Let y(r) = 13*r + 190. What is the remainder when y(12) is divided by 87?
85
Let y be ((-216)/(-7))/1 + 2/14. Let x = y - -16. What is the remainder when x is divided by 14?
5
Let v(y) = 4*y**2 + 57*y + 170. Calculate the remainder when 103 is divided by v(-3).
33
Let w(x) = x**2 - 4*x - 2. Let b be (-27)/(-5) - 39/(-65). Let z be w(b). What is the